{"id":8731,"date":"2024-11-27T12:30:54","date_gmt":"2024-11-27T09:30:54","guid":{"rendered":"https:\/\/esdizayn.com\/portfolio\/modoya\/"},"modified":"2025-01-22T15:21:14","modified_gmt":"2025-01-22T12:21:14","slug":"modoya","status":"publish","type":"liquid-portfolio","link":"https:\/\/www.esdizayn.com\/ar\/portfolio\/modoya\/","title":{"rendered":"Modoya"},"content":{"rendered":"<p><img loading=\"lazy\" decoding=\"async\" src=\"https:\/\/esdizayn.com\/wp-content\/uploads\/2024\/11\/888e66_b612ee07f99d422da527bb96ae745446mv2-min.webp\" alt=\"\" width=\"2200\" height=\"1056\" \/><\/p>\n<p><img loading=\"lazy\" decoding=\"async\" src=\"https:\/\/esdizayn.com\/wp-content\/uploads\/2024\/11\/888e66_db85d157f0064733a3f2048450369fcfmv2-min.webp\" alt=\"\" width=\"2200\" height=\"1056\" \/><\/p>\n<p><img loading=\"lazy\" decoding=\"async\" src=\"https:\/\/esdizayn.com\/wp-content\/uploads\/2024\/11\/888e66_4091cec7cf594106816c93ec0ba0ae3cmv2-min.webp\" alt=\"\" width=\"2200\" height=\"1056\" \/><\/p>\n<h2>Modoya<\/h2>\n<p>\t\t\t\t\t\t\t\t\t\t\t\t<a href=\"https:\/\/www.esdizayn.com\/ar\/portfolio\/trabzon-valiligi-ve-trabzon-buyuksehir-belediyesi-ankara\/\"><br \/>\n\t\t\t\t\t\t\t\tPrevious<br \/>\n\t\t\t\t\t\t\t\tTrabzon Valili\u011fi ve Trabzon B\u00fcy\u00fck\u015fehir Belediyesi &#8211; Ankara<br \/>\n\t\t\t\t\t\t<\/a><br \/>\n\t\t\t\t\t\t\t\t\t\t\t\t\t\t\t\t\t\t\t\t\t\t<a href=\"#\"><\/a><br \/>\n\t\t\t\t\t\t\t\t\t\t\t\t<a href=\"https:\/\/www.esdizayn.com\/ar\/portfolio\/agilise-cosmeticos\/\"><br \/>\n\t\t\t\t\t\t\t\tNext<br \/>\n\t\t\t\t\t\t\t\tAgilise Cosmeticos<br \/>\n\t\t\t\t\t\t<\/a><\/p>\n","protected":false},"excerpt":{"rendered":"<p>Modoya Previous Trabzon Valili\u011fi ve Trabzon B\u00fcy\u00fck\u015fehir Belediyesi &#8211; Ankara Next Agilise Cosmeticos<\/p>\n","protected":false},"featured_media":7532,"menu_order":0,"template":"","portfolio-category":[47,51,54],"class_list":["post-8731","liquid-portfolio","type-liquid-portfolio","status-publish","has-post-thumbnail","hentry","portfolio-category-ahsap-stand","portfolio-category-wooden-stand","portfolio-category-54"],"_links":{"self":[{"href":"https:\/\/www.esdizayn.com\/ar\/wp-json\/wp\/v2\/liquid-portfolio\/8731","targetHints":{"allow":["GET"]}}],"collection":[{"href":"https:\/\/www.esdizayn.com\/ar\/wp-json\/wp\/v2\/liquid-portfolio"}],"about":[{"href":"https:\/\/www.esdizayn.com\/ar\/wp-json\/wp\/v2\/types\/liquid-portfolio"}],"wp:featuredmedia":[{"embeddable":true,"href":"https:\/\/www.esdizayn.com\/ar\/wp-json\/wp\/v2\/media\/7532"}],"wp:attachment":[{"href":"https:\/\/www.esdizayn.com\/ar\/wp-json\/wp\/v2\/media?parent=8731"}],"wp:term":[{"taxonomy":"portfolio-category","embeddable":true,"href":"https:\/\/www.esdizayn.com\/ar\/wp-json\/wp\/v2\/portfolio-category?post=8731"}],"curies":[{"name":"wp","href":"https:\/\/api.w.org\/{rel}","templated":true}]}}

<p><img loading="lazy" decoding="async" src="https://esdizayn.com/wp-content/uploads/2024/11/888e66_b612ee07f99d422da527bb96ae745446mv2-min.webp" alt="" width="2200" height="1056" /></p>
<p><img loading="lazy" decoding="async" src="https://esdizayn.com/wp-content/uploads/2024/11/888e66_db85d157f0064733a3f2048450369fcfmv2-min.webp" alt="" width="2200" height="1056" /></p>
<p><img loading="lazy" decoding="async" src="https://esdizayn.com/wp-content/uploads/2024/11/888e66_4091cec7cf594106816c93ec0ba0ae3cmv2-min.webp" alt="" width="2200" height="1056" /></p>
<h2>Modoya</h2>
<p>												<a href="https://www.esdizayn.com/ar/portfolio/trabzon-valiligi-ve-trabzon-buyuksehir-belediyesi-ankara/"><br />
								Previous<br />
								Trabzon Valiliği ve Trabzon Büyükşehir Belediyesi &#8211; Ankara<br />
						</a><br />
																						<a href="#"></a><br />
												<a href="https://www.esdizayn.com/ar/portfolio/agilise-cosmeticos/"><br />
								Next<br />
								Agilise Cosmeticos<br />
						</a></p>

<p>Modoya Previous Trabzon Valiliği ve Trabzon Büyükşehir Belediyesi &#8211; Ankara Next Agilise Cosmeticos</p>
